{"id":105,"date":"2019-07-08T18:14:00","date_gmt":"2019-07-08T16:14:00","guid":{"rendered":"http:\/\/jacquesreverchon.fr\/?page_id=105"},"modified":"2019-07-10T15:23:54","modified_gmt":"2019-07-10T13:23:54","slug":"lartiste-detail-1","status":"publish","type":"page","link":"http:\/\/jacquesreverchon.fr\/index.php\/lartiste\/lartiste-detail-1\/","title":{"rendered":"L&#8217;artiste &#8211; Biographie"},"content":{"rendered":"<div class=\"su-row\">\n<div class=\"su-column su-column-size-2-3\"><div class=\"su-column-inner su-u-clearfix su-u-trim\">\n<p style=\"text-align: justify;\">Jacques Reverchon est n\u00e9 en 1927 \u00e0 Paris, troisi\u00e8me de cinq enfants. Il a toujours dessin\u00e9, encourag\u00e9 dans son talent par ses parents, Joseph Reverchon et Antoinette Chaffal. \u00ab Le dessin est la base de tout, le dessin je suis s\u00fbr que c\u2019est la base indispensable. Savoir admirablement dessiner, puis s\u2019\u00e9vader s\u2019\u00e9chapper de la formule du dessin, chercher une architecture, le trait est un besoin de l\u2019homme \u00bb, d\u00e9clare-t-il le 21 novembre 1952 dans un \u00e9crit personnel[O\u00f9 ?]. Tout est pr\u00e9texte \u00e0 dessiner comme en t\u00e9moignent les croquis dans la marge de ses carnets d\u2019\u00e9colier1.<br \/>\nIl passe les douze premi\u00e8res ann\u00e9es de sa vie \u00e0 Paris. La d\u00e9claration de guerre de 1939 contraint Joseph Reverchon \u00e0 mettre sa famille \u00e0 l\u2019abri entre 1939 et 1943 \u00e0 Le Pont-de-Beauvoisin (Is\u00e8re). Jacques vit alors entre Lyon, o\u00f9 il est pensionnaire, et le Dauphin\u00e9 : des ann\u00e9es fondatrices pour la naissance de sa vocation. Jacques passe son temps \u00e0 courir les chemins, escalader les arbres avec lesquels il noue une relation fusionnelle, observer les chevaux qu\u2019il peindra et gravera toute sa vie et surtout les hommes au travail. Il forge son regard et n\u2019aura de cesse de retrouver les sensations de son enfance, de s\u2019immerger dans la nature. \u00ab Ceux que j&#8217;ai toujours aim\u00e9s, ces paysans ronds, petits, mal ras\u00e9s, jeunes ou vieux, simples et tranquilles, pourquoi ? Parce que j&#8217;\u00e9tais fait pour \u00eatre un paysan \u00bb, d\u00e9clare-t-il en 1961.<br \/>\n\u00c0 l\u2019\u00e2ge de 15 ans, il sait d\u00e9j\u00e0 qu\u2019il n\u2019empruntera pas une route toute trac\u00e9e, mais qu\u2019il fera sien des chemins de traverse sur lesquels ses passions pourront converger ; Le 31 mai 1943, dans une r\u00e9daction, il l\u2019exprime :<br \/>\n\u00ab Je voudrais peindre, mener une vie d\u2019artiste, une vie indisciplin\u00e9e, n\u2019\u00eatre command\u00e9 par personne, faire ce que je veux, travailler selon mes d\u00e9sirs. Etre tant\u00f4t peintre, tant\u00f4t sculpteur. Un jour il me prendrait envie de peindre un paysage : je partirais avec ma bo\u00eete de peinture comme seul bagage. Je m\u2019installerais au milieu de cette nature tant aim\u00e9e. Je la sentirais palpiter, s\u2019animer autour de moi, et j\u2019essaierais de la rendre, mettant toute mon \u00e2me \u00e0 peindre ses couleurs innombrables et l\u00e9g\u00e8res1. \u00bb<br \/>\nEn 1943, la famille Reverchon regagne Paris. Jacques Reverchon entre \u00e0 l\u2019\u00c9cole nationale sup\u00e9rieure des beaux-arts en 1945, suit des ateliers libres comme il est de coutume avant d\u2019\u00eatre admis \u00e0 titre d\u00e9finitif en 1948. Il est inscrit chez Narbonne pour la peinture (Bernard Buffet le pr\u00e9c\u00e8de de peu), chez Jaudon pour la lithographie et chez Goerg pour la gravure. L\u2019air de mai 1968 n\u2019a pas encore souffl\u00e9 et l\u2019\u00c9cole des Beaux-arts est attach\u00e9e \u00e0 un acad\u00e9misme de mise et \u00e0 un art figuratif qui s\u2019appuie sur le dessin. Alors que, dans cette p\u00e9riode d\u2019apr\u00e8s-guerre, un air de libert\u00e9 flotte dans la Capitale des Arts et certaines galeries parisiennes prennent parti pour l\u2019abstraction lyrique ou g\u00e9om\u00e9trique.<\/p>\n<p style=\"text-align: center;\"><a href=\"http:\/\/jacquesreverchon.fr\/index.php\/lartiste\/lartiste-detail-2\/\">Page suivante &gt;&gt;<\/a><\/p>\n<\/div><\/div>\n<div class=\"su-column su-column-size-1-3\"><div class=\"su-column-inner su-u-clearfix su-u-trim\">\n<p><img loading=\"lazy\" decoding=\"async\" class=\"aligncenter wp-image-223 size-medium\" src=\"http:\/\/jacquesreverchon.fr\/wp-content\/uploads\/Photo-JR-222x300.jpg\" alt=\"\" width=\"222\" height=\"300\" srcset=\"http:\/\/jacquesreverchon.fr\/wp-content\/uploads\/Photo-JR-222x300.jpg 222w, http:\/\/jacquesreverchon.fr\/wp-content\/uploads\/Photo-JR-768x1037.jpg 768w, http:\/\/jacquesreverchon.fr\/wp-content\/uploads\/Photo-JR-758x1024.jpg 758w, http:\/\/jacquesreverchon.fr\/wp-content\/uploads\/Photo-JR.jpg 1630w\" sizes=\"auto, (max-width: 222px) 100vw, 222px\" \/><\/p>\n<\/div><\/div>\n<\/div>\n<p>&nbsp;<\/p>\n","protected":false},"excerpt":{"rendered":"<p>&nbsp;<\/p>\n","protected":false},"author":1,"featured_media":0,"parent":22,"menu_order":21,"comment_status":"closed","ping_status":"closed","template":"","meta":{"footnotes":""},"class_list":["post-105","page","type-page","status-publish","hentry"],"_links":{"self":[{"href":"http:\/\/jacquesreverchon.fr\/index.php\/wp-json\/wp\/v2\/pages\/105","targetHints":{"allow":["GET"]}}],"collection":[{"href":"http:\/\/jacquesreverchon.fr\/index.php\/wp-json\/wp\/v2\/pages"}],"about":[{"href":"http:\/\/jacquesreverchon.fr\/index.php\/wp-json\/wp\/v2\/types\/page"}],"author":[{"embeddable":true,"href":"http:\/\/jacquesreverchon.fr\/index.php\/wp-json\/wp\/v2\/users\/1"}],"replies":[{"embeddable":true,"href":"http:\/\/jacquesreverchon.fr\/index.php\/wp-json\/wp\/v2\/comments?post=105"}],"version-history":[{"count":5,"href":"http:\/\/jacquesreverchon.fr\/index.php\/wp-json\/wp\/v2\/pages\/105\/revisions"}],"predecessor-version":[{"id":226,"href":"http:\/\/jacquesreverchon.fr\/index.php\/wp-json\/wp\/v2\/pages\/105\/revisions\/226"}],"up":[{"embeddable":true,"href":"http:\/\/jacquesreverchon.fr\/index.php\/wp-json\/wp\/v2\/pages\/22"}],"wp:attachment":[{"href":"http:\/\/jacquesreverchon.fr\/index.php\/wp-json\/wp\/v2\/media?parent=105"}],"curies":[{"name":"wp","href":"https:\/\/api.w.org\/{rel}","templated":true}]}}